{"id":26,"date":"2025-07-22T08:11:15","date_gmt":"2025-07-22T08:11:15","guid":{"rendered":"https:\/\/keysupcoaching.com\/?page_id=26"},"modified":"2025-08-01T15:47:30","modified_gmt":"2025-08-01T15:47:30","slug":"portofolio","status":"publish","type":"page","link":"https:\/\/keysupcoaching.com\/?page_id=26","title":{"rendered":"Mes Services"},"content":{"rendered":"\n<div class=\"wp-block-cover alignfull\" style=\"min-height:600px;aspect-ratio:unset;\"><span aria-hidden=\"true\" class=\"wp-block-cover__background has-nv-light-bg-background-color has-background-dim-100 has-background-dim\"><\/span><div class=\"wp-block-cover__inner-container is-layout-flow wp-block-cover-is-layout-flow\">\n<p><\/p>\n\n\n\n<p><\/p>\n\n\n\n<h2 class=\"wp-block-heading has-text-align-center has-neve-text-color-color has-text-color has-link-color wp-elements-5d36d08a15eea4ca8bd348fe71894234\">Mes services<\/h2>\n\n\n\n<p class=\"has-text-align-center has-neve-text-color-color has-text-color has-link-color wp-elements-b217a3090031494790c9fb3db4ec1004\">Des services pens\u00e9s pour s\u2019adapter \u00e0 vos enjeux et \u00e0 vos priorit\u00e9s, disponibles en fran\u00e7ais et en anglais<\/p>\n\n\n\n<div class=\"wp-block-group\"><div class=\"wp-block-group__inner-container is-layout-flow wp-block-group-is-layout-flow\">\n<div class=\"wp-block-columns are-vertically-aligned-center is-layout-flex wp-container-core-columns-is-layout-9d6595d7 wp-block-columns-is-layout-flex\">\n<div class=\"wp-block-column is-vertically-aligned-center is-layout-flow wp-block-column-is-layout-flow\" style=\"padding-right:var(--wp--preset--spacing--30);padding-left:var(--wp--preset--spacing--30);flex-basis:50%\">\n<figure class=\"wp-block-image size-full has-custom-border\"><img loading=\"lazy\" decoding=\"async\" width=\"500\" height=\"500\" src=\"http:\/\/keysupcoaching.com\/wp-content\/uploads\/2025\/07\/icone-site-page-daccueil-11.png\" alt=\"coaching-individuel\" class=\"wp-image-98\" style=\"border-radius:24px\" srcset=\"https:\/\/keysupcoaching.com\/wp-content\/uploads\/2025\/07\/icone-site-page-daccueil-11.png 500w, https:\/\/keysupcoaching.com\/wp-content\/uploads\/2025\/07\/icone-site-page-daccueil-11-300x300.png 300w, https:\/\/keysupcoaching.com\/wp-content\/uploads\/2025\/07\/icone-site-page-daccueil-11-150x150.png 150w\" sizes=\"auto, (max-width: 500px) 100vw, 500px\" \/><\/figure>\n\n\n\n<div style=\"height:24px\" aria-hidden=\"true\" class=\"wp-block-spacer\"><\/div>\n\n\n\n<h3 class=\"wp-block-heading has-text-align-left has-neve-text-color-color has-text-color\">Coaching individuel<\/h3>\n\n\n\n<p class=\"has-text-align-left has-neve-text-color-color has-text-color\">Un espace confidentiel pour faire le point, retrouver du souffle et avancer avec clart\u00e9.<\/p>\n\n\n\n<div class=\"wp-block-buttons has-custom-font-size has-small-font-size is-content-justification-left is-layout-flex wp-container-core-buttons-is-layout-fdcfc74e wp-block-buttons-is-layout-flex\">\n<div class=\"wp-block-button is-style-default\"><a class=\"wp-block-button__link has-nv-text-dark-bg-color has-neve-link-color-background-color has-text-color has-background has-link-color has-custom-font-size wp-element-button\" href=\"https:\/\/keysupcoaching.com\/?page_id=136\" style=\"font-size:16px\">Je d\u00e9couvre<\/a><\/div>\n<\/div>\n\n\n\n<div style=\"height:40px\" aria-hidden=\"true\" class=\"wp-block-spacer\"><\/div>\n<\/div>\n\n\n\n<div class=\"wp-block-column is-vertically-aligned-center is-layout-flow wp-block-column-is-layout-flow\" style=\"padding-right:var(--wp--preset--spacing--30);padding-left:var(--wp--preset--spacing--30);flex-basis:50%\">\n<figure class=\"wp-block-image size-full has-custom-border\"><img loading=\"lazy\" decoding=\"async\" width=\"500\" height=\"500\" src=\"http:\/\/keysupcoaching.com\/wp-content\/uploads\/2025\/07\/icone-site-page-daccueil-12.png\" alt=\"\" class=\"wp-image-99\" style=\"border-radius:24px\" srcset=\"https:\/\/keysupcoaching.com\/wp-content\/uploads\/2025\/07\/icone-site-page-daccueil-12.png 500w, https:\/\/keysupcoaching.com\/wp-content\/uploads\/2025\/07\/icone-site-page-daccueil-12-300x300.png 300w, https:\/\/keysupcoaching.com\/wp-content\/uploads\/2025\/07\/icone-site-page-daccueil-12-150x150.png 150w\" sizes=\"auto, (max-width: 500px) 100vw, 500px\" \/><\/figure>\n\n\n\n<div style=\"height:24px\" aria-hidden=\"true\" class=\"wp-block-spacer\"><\/div>\n\n\n\n<h3 class=\"wp-block-heading has-text-align-left has-neve-text-color-color has-text-color\">Ateliers collectifs<\/h3>\n\n\n\n<p class=\"has-text-align-left has-neve-text-color-color has-text-color\">Des temps forts pour mobiliser vos \u00e9quipes autour de sujets cl\u00e9s, avec sens et engagement.<\/p>\n\n\n\n<div class=\"wp-block-buttons has-custom-font-size has-small-font-size is-content-justification-left is-layout-flex wp-container-core-buttons-is-layout-fdcfc74e wp-block-buttons-is-layout-flex\">\n<div class=\"wp-block-button is-style-default\"><a class=\"wp-block-button__link has-nv-text-dark-bg-color has-neve-link-color-background-color has-text-color has-background has-link-color has-custom-font-size wp-element-button\" href=\"https:\/\/keysupcoaching.com\/?page_id=140\" style=\"font-size:16px\">Je d\u00e9couvre<\/a><\/div>\n<\/div>\n\n\n\n<div style=\"height:40px\" aria-hidden=\"true\" class=\"wp-block-spacer\"><\/div>\n<\/div>\n\n\n\n<div class=\"wp-block-column is-vertically-aligned-center is-layout-flow wp-block-column-is-layout-flow\" style=\"padding-right:var(--wp--preset--spacing--30);padding-left:var(--wp--preset--spacing--30);flex-basis:50%\">\n<figure class=\"wp-block-image size-full has-custom-border\"><img loading=\"lazy\" decoding=\"async\" width=\"500\" height=\"500\" src=\"http:\/\/keysupcoaching.com\/wp-content\/uploads\/2025\/07\/icone-site-page-daccueil-13.png\" alt=\"\" class=\"wp-image-103\" style=\"border-radius:24px\" srcset=\"https:\/\/keysupcoaching.com\/wp-content\/uploads\/2025\/07\/icone-site-page-daccueil-13.png 500w, https:\/\/keysupcoaching.com\/wp-content\/uploads\/2025\/07\/icone-site-page-daccueil-13-300x300.png 300w, https:\/\/keysupcoaching.com\/wp-content\/uploads\/2025\/07\/icone-site-page-daccueil-13-150x150.png 150w\" sizes=\"auto, (max-width: 500px) 100vw, 500px\" \/><\/figure>\n\n\n\n<div style=\"height:24px\" aria-hidden=\"true\" class=\"wp-block-spacer\"><\/div>\n\n\n\n<h3 class=\"wp-block-heading has-text-align-left has-neve-text-color-color has-text-color\">Formations sur mesure<\/h3>\n\n\n\n<p class=\"has-text-align-left has-neve-text-color-color has-text-color\">Des formations pens\u00e9es pour vos enjeux, qui allient posture, pratique et transformation durable.<\/p>\n\n\n\n<div class=\"wp-block-buttons has-custom-font-size has-small-font-size is-content-justification-left is-layout-flex wp-container-core-buttons-is-layout-fdcfc74e wp-block-buttons-is-layout-flex\">\n<div class=\"wp-block-button is-style-default\"><a class=\"wp-block-button__link has-nv-text-dark-bg-color has-neve-link-color-background-color has-text-color has-background has-link-color has-custom-font-size wp-element-button\" href=\"https:\/\/keysupcoaching.com\/?page_id=142\" style=\"font-size:16px\">Je d\u00e9couvre<\/a><\/div>\n<\/div>\n\n\n\n<div style=\"height:40px\" aria-hidden=\"true\" class=\"wp-block-spacer\"><\/div>\n<\/div>\n\n\n\n<div class=\"wp-block-column is-vertically-aligned-center is-layout-flow wp-block-column-is-layout-flow\" style=\"padding-right:var(--wp--preset--spacing--30);padding-left:var(--wp--preset--spacing--30);flex-basis:50%\">\n<figure class=\"wp-block-image size-full has-custom-border\"><img loading=\"lazy\" decoding=\"async\" width=\"500\" height=\"500\" src=\"http:\/\/keysupcoaching.com\/wp-content\/uploads\/2025\/07\/icone-site-page-daccueil-14.png\" alt=\"\" class=\"wp-image-104\" style=\"border-radius:24px\" srcset=\"https:\/\/keysupcoaching.com\/wp-content\/uploads\/2025\/07\/icone-site-page-daccueil-14.png 500w, https:\/\/keysupcoaching.com\/wp-content\/uploads\/2025\/07\/icone-site-page-daccueil-14-300x300.png 300w, https:\/\/keysupcoaching.com\/wp-content\/uploads\/2025\/07\/icone-site-page-daccueil-14-150x150.png 150w\" sizes=\"auto, (max-width: 500px) 100vw, 500px\" \/><\/figure>\n\n\n\n<div style=\"height:28px\" aria-hidden=\"true\" class=\"wp-block-spacer\"><\/div>\n\n\n\n<h3 class=\"wp-block-heading has-text-align-left has-neve-text-color-color has-text-color\">Coaching Marketing strat\u00e9gique<\/h3>\n\n\n\n<p class=\"has-text-align-left has-neve-text-color-color has-text-color\">Un accompagnement sur-mesure pour clarifier votre positionnement et faire rayonner votre message.<\/p>\n\n\n\n<div class=\"wp-block-buttons has-custom-font-size has-small-font-size is-content-justification-left is-layout-flex wp-container-core-buttons-is-layout-fdcfc74e wp-block-buttons-is-layout-flex\">\n<div class=\"wp-block-button is-style-default\"><a class=\"wp-block-button__link has-nv-text-dark-bg-color has-neve-link-color-background-color has-text-color has-background has-link-color has-custom-font-size wp-element-button\" href=\"https:\/\/keysupcoaching.com\/?page_id=144\" style=\"font-size:16px\">Je d\u00e9couvre<\/a><\/div>\n<\/div>\n\n\n\n<div style=\"height:40px\" aria-hidden=\"true\" class=\"wp-block-spacer\"><\/div>\n<\/div>\n<\/div>\n\n\n\n<div style=\"height:28px\" aria-hidden=\"true\" class=\"wp-block-spacer\"><\/div>\n<\/div><\/div>\n<\/div><\/div>\n\n\n\n<div class=\"wp-block-cover alignfull\" style=\"min-height:300px;aspect-ratio:unset;\"><span aria-hidden=\"true\" class=\"wp-block-cover__background has-neve-link-color-background-color has-background-dim-100 has-background-dim\"><\/span><div class=\"wp-block-cover__inner-container is-layout-flow wp-block-cover-is-layout-flow\">\n<div style=\"height:140px\" aria-hidden=\"true\" class=\"wp-block-spacer\"><\/div>\n\n\n\n<div class=\"wp-block-columns is-layout-flex wp-container-core-columns-is-layout-9d6595d7 wp-block-columns-is-layout-flex\">\n<div class=\"wp-block-column is-layout-flow wp-block-column-is-layout-flow\" style=\"flex-basis:20%\"><\/div>\n\n\n\n<div class=\"wp-block-column is-layout-flow wp-block-column-is-layout-flow\" style=\"flex-basis:60%\">\n<div class=\"wp-block-group\"><div class=\"wp-block-group__inner-container is-layout-constrained wp-block-group-is-layout-constrained\">\n<h2 class=\"wp-block-heading has-text-align-center has-nv-text-dark-bg-color has-text-color\"><br><br><strong>Discutons de votre besoin<\/strong><\/h2>\n\n\n\n<p class=\"has-text-align-center has-nv-text-dark-bg-color has-text-color has-link-color wp-elements-65bfa1fec9fc8df12cfd48e9ff7c088e\"><br>Je vous propose un premier \u00e9change sans engagement pour en discuter.<\/p>\n\n\n\n<div class=\"wp-block-buttons is-content-justification-center is-layout-flex wp-container-core-buttons-is-layout-16018d1d wp-block-buttons-is-layout-flex\">\n<div class=\"wp-block-button is-style-primary\"><a class=\"wp-block-button__link wp-element-button\" href=\"https:\/\/app.priorise.fr\/praticiens\/cindy-roublicq\/book?serviceId=59&amp;consultationMode=visio\" target=\"_blank\" rel=\"noreferrer noopener\">Prendre RDV<\/a><\/div>\n<\/div>\n<\/div><\/div>\n<\/div>\n\n\n\n<div class=\"wp-block-column is-layout-flow wp-block-column-is-layout-flow\" style=\"flex-basis:20%\"><\/div>\n<\/div>\n\n\n\n<div style=\"height:140px\" aria-hidden=\"true\" class=\"wp-block-spacer\"><\/div>\n<\/div><\/div>\n\n\n\n<div class=\"wp-block-cover alignfull has-nv-text-dark-bg-color has-text-color has-link-color wp-elements-7b58f8ae05e2b34833d97ad11087add4\" style=\"min-height:420px;aspect-ratio:unset;\"><span aria-hidden=\"true\" class=\"wp-block-cover__background has-nv-dark-bg-background-color has-background-dim-100 has-background-dim\"><\/span><div class=\"wp-block-cover__inner-container is-layout-flow wp-block-cover-is-layout-flow\">\n<p><\/p>\n\n\n\n<div class=\"wp-block-columns is-layout-flex wp-container-core-columns-is-layout-9d6595d7 wp-block-columns-is-layout-flex\">\n<div class=\"wp-block-column is-layout-flow wp-block-column-is-layout-flow\" style=\"flex-basis:33.33%\">\n<figure class=\"wp-block-image size-full\"><img loading=\"lazy\" decoding=\"async\" width=\"500\" height=\"500\" src=\"http:\/\/keysupcoaching.com\/wp-content\/uploads\/2025\/07\/icone-site-page-daccueil-1.png\" alt=\"\" class=\"wp-image-84\" srcset=\"https:\/\/keysupcoaching.com\/wp-content\/uploads\/2025\/07\/icone-site-page-daccueil-1.png 500w, https:\/\/keysupcoaching.com\/wp-content\/uploads\/2025\/07\/icone-site-page-daccueil-1-300x300.png 300w, https:\/\/keysupcoaching.com\/wp-content\/uploads\/2025\/07\/icone-site-page-daccueil-1-150x150.png 150w\" sizes=\"auto, (max-width: 500px) 100vw, 500px\" \/><\/figure>\n<\/div>\n\n\n\n<div class=\"wp-block-column is-layout-flow wp-block-column-is-layout-flow\" style=\"flex-basis:66.66%\">\n<p><\/p>\n\n\n\n<h2 class=\"wp-block-heading\">Cindy Roublicq, Coach professionnelle certifi\u00e9e, bilingue Anglais<\/h2>\n\n\n\n<p>Apr\u00e8s 8 ann\u00e9es en tant que cadre dans le marketing et le management, j\u2019ai choisi de mettre mon \u00e9nergie au service de l\u2019humain en me formant au m\u00e9tier de coach professionnel, et en fondant KeysUp Coaching. Mon objectif : aider les professionnels \u00e0 retrouver de la clart\u00e9, du souffle et de l\u2019impact dans leur vie professionnelle.<\/p>\n\n\n\n<p>Avec une posture \u00e0 la fois bienveillante, structur\u00e9e et 100 % personnalis\u00e9e, j\u2019interviens aupr\u00e8s des entreprises et des particuliers pour cr\u00e9er un espace de r\u00e9flexion qui favorise la prise de recul, la prise de conscience et l\u2019alignement \u2013 individuel et collectif.<\/p>\n\n\n\n<p>J\u2019accompagne en Fran\u00e7ais et en Anglais<\/p>\n<\/div>\n<\/div>\n\n\n\n<div style=\"height:0px\" aria-hidden=\"true\" class=\"wp-block-spacer\"><\/div>\n<\/div><\/div>\n","protected":false},"excerpt":{"rendered":"","protected":false},"author":1,"featured_media":0,"parent":0,"menu_order":0,"comment_status":"closed","ping_status":"closed","template":"","meta":{"neve_meta_sidebar":"","neve_meta_container":"","neve_meta_enable_content_width":"on","neve_meta_content_width":100,"neve_meta_title_alignment":"","neve_meta_author_avatar":"","neve_post_elements_order":"","neve_meta_disable_header":"","neve_meta_disable_footer":"","neve_meta_disable_title":"on","footnotes":""},"class_list":["post-26","page","type-page","status-publish","hentry"],"_links":{"self":[{"href":"https:\/\/keysupcoaching.com\/index.php?rest_route=\/wp\/v2\/pages\/26","targetHints":{"allow":["GET"]}}],"collection":[{"href":"https:\/\/keysupcoaching.com\/index.php?rest_route=\/wp\/v2\/pages"}],"about":[{"href":"https:\/\/keysupcoaching.com\/index.php?rest_route=\/wp\/v2\/types\/page"}],"author":[{"embeddable":true,"href":"https:\/\/keysupcoaching.com\/index.php?rest_route=\/wp\/v2\/users\/1"}],"replies":[{"embeddable":true,"href":"https:\/\/keysupcoaching.com\/index.php?rest_route=%2Fwp%2Fv2%2Fcomments&post=26"}],"version-history":[{"count":13,"href":"https:\/\/keysupcoaching.com\/index.php?rest_route=\/wp\/v2\/pages\/26\/revisions"}],"predecessor-version":[{"id":408,"href":"https:\/\/keysupcoaching.com\/index.php?rest_route=\/wp\/v2\/pages\/26\/revisions\/408"}],"wp:attachment":[{"href":"https:\/\/keysupcoaching.com\/index.php?rest_route=%2Fwp%2Fv2%2Fmedia&parent=26"}],"curies":[{"name":"wp","href":"https:\/\/api.w.org\/{rel}","templated":true}]}}